e factors of d(-5).
2, 3
Suppose 0 = -2*f + f + 39. What are the prime factors of f?
3, 13
Let n be (18/12)/((-6)/(-44)). Suppose 0 = -4*f + n - 3. What are the prime factors of (1 - -11)*f/4?
2, 3
Let i(a) = 2*a - 1. List the prime factors of i(6).
11
Let m = -6 - -10. Suppose 0*j - 5*j - 10 = 0. Let n = j + m. What are the prime factors of n?
2
Suppose n + 50 = -3*m - 17, 121 = -5*m + 3*n. Let r = 39 + m. Let k = r - 5. List the prime factors of k.
11
Suppose -2*p - 40 = -7*p - 3*i, -3*p + 24 = 4*i. What are the prime factors of p?
2
Let a(p) = p - 7. Let i be a(5). Let b(l) = 22*l - 2. Let d be b(i). List the prime factors of d/(-4) + 4/(-8).
11
Let l = -4 - -29. Let c be (-438)/27 + 2/9. Let p = c + l. What are the prime factors of p?
3
Let v = -5 - 0. Let c(b) be the first derivative of b**4/4 + 5*b**3/3 - b**2/2 + 3*b - 3. List the prime factors of c(v).
2
Let z = -3 - -5. Let f(x) = -1 - x**z - 6*x + 9 - x. List the prime factors of f(-7).
2
Let q(w) = -w**2 - w + 30. Let d be q(0). Let s = d + -14. Suppose 0*u + 5*c + 70 = 5*u, s = 2*u + 4*c. List the prime factors of u.
2, 3
Let u be 2/6 + 22/6. Suppose 2*s = u*k + 5 - 21, -4*s + 18 = 2*k. List the prime factors of 10 + 0/(s + -3).
2, 5
Let d = -19 - -11. Let n = 2 - d. What are the prime factors of n?
2, 5
Let u = 41 + -2. Suppose 5*m - 4*q = 65, 3*m = -q - 4*q + u. What are the prime factors of m?
13
Let j(k) = -3*k**3 + k**2 + 2. List the prime factors of j(-2).
2, 3, 5
Let t(o) be the third derivative of o**4/24 - o**3/3 + 2*o**2. Let q be t(4). Suppose 3 + 3 = q*b. List the prime factors of b.
3
Let x(i) = 3*i + 2. Let c be -11 + 0 + (1 - -1). Let p = -6 - c. List the prime factors of x(p).
11
Let q(p) = -p**2 - 4 + 0 - p + 2*p**2 + 2. List the prime factors of q(3).
2
Suppose -4*s - 11 = -131. List the prime factors of s.
2, 3, 5
What are the prime factors of (120 - -2) + (12/4 - 1)?
2, 31
Let x(c) = 7*c + 1. Let h be x(-3). Let l be -6*(h/(-3))/(-5). Let t(k) = k - 4. List the prime factors of t(l).
2
Suppose -28 = -3*u + 17. Suppose -i = o - 22, 2*i + o - u = 29. List the prime factors of i.
2, 11
Suppose -1012 = -10*j - 32. What are the prime factors of j?
2, 7
Let w(t) = -t**3 - 3*t**2 + 14. Let l(q) = -3*q**3 - 10*q**2 + 41. Let n(b) = 4*l(b) - 11*w(b). What are the prime factors of n(-7)?
2, 5
Let z(u) = u**2 - 2*u - 1. Let x be z(3). Suppose 2*j + x = 3*j. List the prime factors of j.
2
Suppose 3*l + a = 262, 6*l - l + 2*a = 437. What are the prime factors of l?
3, 29
Suppose 2*d + 58 - 170 = 0. Suppose -7*s = -3*s - d. List the prime factors of s.
2, 7
Let i be (-168)/18 + (-2)/3. Let t = -8 - i. List the prime factors of t.
2
Let t(u) = -u**3 - u**2 - u - 10. Let h be t(0). Let z = h + 13. List the prime factors of z.
3
Suppose -41*f = -40*f - 140. List the prime factors of f.
2, 5, 7
Let n = -93 + 152. List the prime factors of n.
59
Suppose -2*f = -9 + 3. Suppose -f*s - 4*u + 23 = 0, -u - 13 = -0*s - 3*s. Suppose 40 = 8*g - 3*g - s*a, -12 = -3*a. What are the prime factors of g?
2, 3
Let b(g) = 3*g**2 + 5*g + 4. Let f be b(-2). Suppose 5*l - 85 = 2*d - f*d, 4*l - 3*d - 37 = 0. What are the prime factors of l?
13
What are the prime factors of 3/(-2)*372/(-18)?
31
Let i be (2 - 22/5)*-5. What are the prime factors of (4/i)/((-1)/(-6))?
2
Let r = -26 + 37. Let o = r + -5. What are the prime factors of o?
2, 3
Let d(n) = -n**2 + 4*n - 2. Let y be d(3). Let l = 20 - 13. Let k = y + l. What are the prime factors of k?
2
What are the prime factors of 14 + 4*(-1)/(-2)?
2
Suppose 4*v = 7*t - 2*t - 11, -2 = -t + v. Let q = 53 + -45. Suppose -3*y + 54 = t*u, u = -q*y + 3*y + 38. What are the prime factors of u?
13
Let o(j) = j**2 + 3*j - 2. What are the prime factors of o(-4)?
2
Let w(z) = -3*z - 10. Let i be w(-14). Let d = i - 23. What are the prime factors of d?
3
Suppose -5*y = -97 - 148. Suppose 4*h - 2*f - 25 = 3*f, -4*h - 3*f + y = 0. What are the prime factors of h?
2, 5
Suppose -2*b + 8 = -m - 21, 4*b + 89 = -5*m. Let q = m - -37. List the prime factors of q.
2
Suppose -5*t = -8*t + 183. List the prime factors of t.
61
What are the prime factors of (1 - 15/12) + 3003/12?
2, 5
Let l = 96 + -18. List the prime factors of l.
2, 3, 13
Let h(s) = -s**2 + 9*s + 4. What are the prime factors of h(8)?
2, 3
Let v(s) = -9. Let d(y) = y - 1. Let a(b) = -4*d(b) + v(b). List the prime factors of a(-6).
19
Suppose 39 = -5*t - 86. Let n = -15 - t. What are the prime factors of n?
2, 5
Let q be 68/5 + 4/10. Let s be 4/q - 57/(-21). List the prime factors of 5/15 - (-14)/s.
5
Suppose 0 = 2*o + 3*o - 25. List the prime factors of 8 + o + (-1)/(-1).
2, 7
Let s be (25/3)/(1/3). Let z = s - 11. What are the prime factors of z?
2, 7
Suppose 5*v = -v + 1164. What are the prime factors of v?
2, 97
Suppose -4*y = -i + 4, -3*i = i - 5*y - 27. Suppose 4*c = 3*c. Suppose -24 = -3*k - 4*d + d, c = -3*k + 5*d - i. List the prime factors of k.
2
Suppose 3*q = 15 + 6. Let z = 11 + -9. Let o = z + q. List the prime factors of o.
3
Let x(u) = u**2 - 6*u + 9. Let t(b) = -2*b**2 + 13*b - 19. Let p(h) = 6*t(h) + 13*x(h). Suppose 0 = -v - 3*v. What are the prime factors of p(v)?
3
Let m = 17 - 12. Let s = m + -1. What are the prime factors of (5/s)/(1/4)?
5
Suppose -p = -0*p + 6. Let h(j) = -j + 6. List the prime factors of h(p).
2, 3
Suppose d = 2*d - 1. List the prime factors of -1 - (d - (-24)/(-3)).
2, 3
Let y(g) be the first derivative of -g**3/3 + 7*g**2/2 + 2. List the prime factors of y(5).
2, 5
List the prime factors of (-442)/(-7) + (-1)/7.
3, 7
Suppose 4*q - 3*m - 88 = -7*m, 4*q + m = 85. List the prime factors of q.
3, 7
Suppose -11*h - 145 = -16*h. List the prime factors of h.
29
Suppose t + 2*t - 57 = 0. List the prime factors of t.
19
Let f(w) = -w**3 + 12*w**2 - 9*w + 9. Let b be f(11). Let y = b - 16. List the prime factors of y.
3, 5
Suppose 0 = -5*k + 16 - 76. Let j be 17*(1 + -1 - -1). Let r = j + k. List the prime factors of r.
5
Suppose -4*k + q + 2165 = 0, -k + 0*q + 5*q + 565 = 0. List the prime factors of k/21 + (-2)/(-7).
2, 13
Let n(l) = -l**3 + 2*l**2 - 4*l + 3. Let u(c) = c**3 - 3*c**2 + 4*c - 2. Let q(a) = -2*n(a) - 3*u(a). What are the prime factors of q(3)?
2, 3
Suppose 4*n - 3*t = 5*n + 5, 0 = -2*n - t + 10. Let j be 2/n - 57/(-21). Suppose 2*d + j*d = 30. What are the prime factors of d?
2, 3
Suppose 2*m = 6, -3*b - 5*m + 15 = -5*b. Suppose -4*o = 4*g - 8, b*o + 4*g - 9 = -5*o. Suppose -2*r - o = 3*w - 27, -5*r + w = -31. List the prime factors of r.
7
Let p be (2/4)/(2/(-12)). Let z be (0/(-2))/(p/(-1)). List the prime factors of 18 + (z - (3 - 0)).
3, 5
Suppose 2*k - 304 = 5*r, 0 = 4*r - 8*r. What are the prime factors of k?
2, 19
Let b = 4 + -5. What are the prime factors of 18 - (-2 + b)/3?
19
Suppose -4*r = 8 - 152. List the prime factors of r.
2, 3
Suppose 0 = 5*c - c - 2*s - 134, -3*c = -s - 99. Suppose -3*q + i = -106, i - c = -q - 2*i. List the prime factors of q.
5, 7
Suppose 4*s - 4*q + 0*q - 16 = 0, 5*q = -3*s - 20. Suppose -2*r + 59 - 13 = s. List the prime factors of r.
23
Suppose 5*j - 31 = -c, 0*c - 2*c = -5*j + 28. Suppose 10*b - j*b - 60 = 0. List the prime factors of b.
3, 5
Let t = 0 + 16. Suppose -187 = -6*q - 25. Let g = q - t. What are the prime factors of g?
11
List the prime factors of ((-6)/6)/((-2)/218).
109
Let n = 44 + -26. List the prime factors of n.
2, 3
Suppose -2*k = 5 - 3. List the prime factors of 1*36/4 - k.
2, 5
Let d = -2 + 5. Suppose -c + 5 + d = 0. What are the prime factors of c?
2
Let p(c) = 2*c**2 + 3*c - 2. What are the prime factors of p(-3)?
7
Let i(y) = y + 8. Let g be i(-8). Let x = 5 + g. Suppose -52 = f - x*f. List the prime factors of f.
13
Let j(y) = y**3 + 13*y**2 + 11*y - 9. Let m be j(-12). Suppose m*x + n - 71 = -0*x, 3*n - 113 = -5*x. What are the prime factors of x?
5
Let j = 0 + 6. Let a = -3 + j. Suppose 7 = a*g - 23. What are the prime factors of g?
2, 5
Suppose 2*j - 4*p - 350 = 0, j + 4*p = -p + 175. What are the prime factors of j?
5, 7
Suppose 3 = 2*u - 1. Suppose u*p = 4*v - 50, -v = 3*v + p - 47. What are the prime factors of v?
2, 3
Let i = 14 - -26. Suppose -a - 15 + i = -d, -5 = -a - 4*d. What are the prime factors of a?
3, 7
Suppose 3*q - 40 = q. List the prime factors of q.
2, 5
Let a(m) = 4*m**3 